{"id":244,"date":"2025-12-19T20:45:43","date_gmt":"2025-12-19T20:45:43","guid":{"rendered":"https:\/\/lacuinaproductosyservicios.com\/?post_type=product&#038;p=244"},"modified":"2025-12-19T20:45:43","modified_gmt":"2025-12-19T20:45:43","slug":"autoradio-aiwa-aw-a502bt-de-7-con-gps-bluetooth","status":"publish","type":"product","link":"https:\/\/lacuinaproductosyservicios.com\/index.php\/producto\/autoradio-aiwa-aw-a502bt-de-7-con-gps-bluetooth\/","title":{"rendered":"Autoradio Aiwa AW-A502BT de 7&#8243; con GPS Bluetooth"},"content":{"rendered":"","protected":false},"excerpt":{"rendered":"<p>El Multimedia Reveiver Aiwa AW-A502BT convierte tu auto en un centro de entretenimiento completo. Con pantalla t\u00e1ctil IPS de 7&#8243; y sistema Android 11, ofrece acceso a aplicaciones como Android Auto y CarPlay, adem\u00e1s de conexi\u00f3n Wi-Fi y Bluetooth 4.2. Equipado con GPS, radio FM y compatible con c\u00e1mara de retroceso, cuenta con memoria de 32GB, RAM de 2GB y entradas USB, auxiliar y micro SD. Ideal para navegaci\u00f3n, llamadas y reproducci\u00f3n de medios en calidad Full HD.<\/p>\n","protected":false},"featured_media":245,"comment_status":"open","ping_status":"closed","template":"","meta":{"_kad_post_transparent":"default","_kad_post_title":"","_kad_post_layout":"default","_kad_post_sidebar_id":"","_kad_post_content_style":"default","_kad_post_vertical_padding":"default","_kad_post_feature":"","_kad_post_feature_position":"","_kad_post_header":false,"_kad_post_footer":false,"_kad_post_classname":""},"product_brand":[],"product_cat":[18],"product_tag":[],"class_list":{"0":"post-244","1":"product","2":"type-product","3":"status-publish","4":"has-post-thumbnail","6":"product_cat-accesorios-para-auro","8":"first","9":"instock","10":"shipping-taxable","11":"purchasable","12":"product-type-simple","13":"entry","14":"content-bg","15":"loop-entry"},"_links":{"self":[{"href":"https:\/\/lacuinaproductosyservicios.com\/index.php\/wp-json\/wp\/v2\/product\/244","targetHints":{"allow":["GET"]}}],"collection":[{"href":"https:\/\/lacuinaproductosyservicios.com\/index.php\/wp-json\/wp\/v2\/product"}],"about":[{"href":"https:\/\/lacuinaproductosyservicios.com\/index.php\/wp-json\/wp\/v2\/types\/product"}],"replies":[{"embeddable":true,"href":"https:\/\/lacuinaproductosyservicios.com\/index.php\/wp-json\/wp\/v2\/comments?post=244"}],"wp:featuredmedia":[{"embeddable":true,"href":"https:\/\/lacuinaproductosyservicios.com\/index.php\/wp-json\/wp\/v2\/media\/245"}],"wp:attachment":[{"href":"https:\/\/lacuinaproductosyservicios.com\/index.php\/wp-json\/wp\/v2\/media?parent=244"}],"wp:term":[{"taxonomy":"product_brand","embeddable":true,"href":"https:\/\/lacuinaproductosyservicios.com\/index.php\/wp-json\/wp\/v2\/product_brand?post=244"},{"taxonomy":"product_cat","embeddable":true,"href":"https:\/\/lacuinaproductosyservicios.com\/index.php\/wp-json\/wp\/v2\/product_cat?post=244"},{"taxonomy":"product_tag","embeddable":true,"href":"https:\/\/lacuinaproductosyservicios.com\/index.php\/wp-json\/wp\/v2\/product_tag?post=244"}],"curies":[{"name":"wp","href":"https:\/\/api.w.org\/{rel}","templated":true}]}}