{"id":409,"date":"2025-12-20T21:02:29","date_gmt":"2025-12-20T21:02:29","guid":{"rendered":"https:\/\/lacuinaproductosyservicios.com\/?post_type=product&#038;p=409"},"modified":"2025-12-20T21:02:29","modified_gmt":"2025-12-20T21:02:29","slug":"speaker-portatil-ecopower-ep-2506-bluetooth","status":"publish","type":"product","link":"https:\/\/lacuinaproductosyservicios.com\/index.php\/producto\/speaker-portatil-ecopower-ep-2506-bluetooth\/","title":{"rendered":"Speaker Port\u00e1til Ecopower EP-2506 Bluetooth"},"content":{"rendered":"","protected":false},"excerpt":{"rendered":"<p>El speaker port\u00e1til Ecopower EP-2506 tiene un estilo innovador y dise\u00f1o totalmente port\u00e1til, es ideal para disfrutar de m\u00fasicas en cualquier lugar. La tecnolog\u00eda Bluetooth permite emparejar pr\u00e1cticamente con cualquier dispositivo como smartphone o tableta con tecnolog\u00eda Bluetooth para disfrutar de tus m\u00fasicas preferidas. Cuenta con interfaz para tarjeta SD, USB y cable auxiliar. Adem\u00e1s, tiene bater\u00eda de 1200mAh recargable que permite un uso aproximadamente entre 3 a 5 horas.<\/p>\n<p>&nbsp;<\/p>\n","protected":false},"featured_media":410,"comment_status":"open","ping_status":"closed","template":"","meta":{"_kad_post_transparent":"default","_kad_post_title":"","_kad_post_layout":"default","_kad_post_sidebar_id":"","_kad_post_content_style":"default","_kad_post_vertical_padding":"default","_kad_post_feature":"","_kad_post_feature_position":"","_kad_post_header":false,"_kad_post_footer":false,"_kad_post_classname":""},"product_brand":[],"product_cat":[21],"product_tag":[],"class_list":{"0":"post-409","1":"product","2":"type-product","3":"status-publish","4":"has-post-thumbnail","6":"product_cat-speakers","8":"first","9":"instock","10":"shipping-taxable","11":"purchasable","12":"product-type-simple","13":"entry","14":"content-bg","15":"loop-entry"},"_links":{"self":[{"href":"https:\/\/lacuinaproductosyservicios.com\/index.php\/wp-json\/wp\/v2\/product\/409","targetHints":{"allow":["GET"]}}],"collection":[{"href":"https:\/\/lacuinaproductosyservicios.com\/index.php\/wp-json\/wp\/v2\/product"}],"about":[{"href":"https:\/\/lacuinaproductosyservicios.com\/index.php\/wp-json\/wp\/v2\/types\/product"}],"replies":[{"embeddable":true,"href":"https:\/\/lacuinaproductosyservicios.com\/index.php\/wp-json\/wp\/v2\/comments?post=409"}],"wp:featuredmedia":[{"embeddable":true,"href":"https:\/\/lacuinaproductosyservicios.com\/index.php\/wp-json\/wp\/v2\/media\/410"}],"wp:attachment":[{"href":"https:\/\/lacuinaproductosyservicios.com\/index.php\/wp-json\/wp\/v2\/media?parent=409"}],"wp:term":[{"taxonomy":"product_brand","embeddable":true,"href":"https:\/\/lacuinaproductosyservicios.com\/index.php\/wp-json\/wp\/v2\/product_brand?post=409"},{"taxonomy":"product_cat","embeddable":true,"href":"https:\/\/lacuinaproductosyservicios.com\/index.php\/wp-json\/wp\/v2\/product_cat?post=409"},{"taxonomy":"product_tag","embeddable":true,"href":"https:\/\/lacuinaproductosyservicios.com\/index.php\/wp-json\/wp\/v2\/product_tag?post=409"}],"curies":[{"name":"wp","href":"https:\/\/api.w.org\/{rel}","templated":true}]}}