{"id":525,"date":"2025-12-23T14:08:33","date_gmt":"2025-12-23T14:08:33","guid":{"rendered":"https:\/\/lacuinaproductosyservicios.com\/?post_type=product&#038;p=525"},"modified":"2025-12-23T14:08:33","modified_gmt":"2025-12-23T14:08:33","slug":"camara-moto-ecopower-ep-8752-6-5-12v","status":"publish","type":"product","link":"https:\/\/lacuinaproductosyservicios.com\/index.php\/producto\/camara-moto-ecopower-ep-8752-6-5-12v\/","title":{"rendered":"CAMARA MOTO ECOPOWER EP-8752 6.5&#8243; 12V"},"content":{"rendered":"<ul>\n<li><strong>Marca\/Modelo: ECOPOWER EP-8752<\/strong><\/li>\n<\/ul>\n<p><strong>Funciones principales:<\/strong><\/p>\n<ul>\n<li><strong>&#8211; Soporte para Tarjeta TF, Bluetooth, Puerto Tipo-C<\/strong><\/li>\n<li><strong>&#8211; Micr\u00f3fono incorporado<\/strong><\/li>\n<li><strong>&#8211; C\u00e1mara integrada<\/strong><\/li>\n<li><strong>&#8211; MirrorLink: Compatible con Android e iOS<\/strong><\/li>\n<li><strong>&#8211; Apple CarPlay y Android Auto inal\u00e1mbricos<\/strong><\/li>\n<\/ul>\n<p><strong>Audio:<\/strong><\/p>\n<ul>\n<li><strong>&#8211; Altavoz integrado con potencia de salida: 3W<\/strong><\/li>\n<li><strong>&#8211; Grabador de conducci\u00f3n incluido<\/strong><\/li>\n<\/ul>\n<p><strong>\u00a0Especificaciones t\u00e9cnicas:<\/strong><\/p>\n<ul>\n<li><strong>\u00a0 \u00a0 \u00a0 \u00a0 \u00a0 \u00a0&#8211; Voltaje de alimentaci\u00f3n: 9V~30V DC, conexi\u00f3n a tierra negativa<\/strong><\/li>\n<li><strong>&#8211; Temperatura de operaci\u00f3n: -20\u00b0C a 70\u00b0C<\/strong><\/li>\n<li><\/li>\n<li><strong>\u00a0 \u00a0 \u00a0 \u00a0 \u00a0&#8211; A prueba de agua<\/strong><\/li>\n<\/ul>\n","protected":false},"excerpt":{"rendered":"<p>Marca\/Modelo: ECOPOWER EP-8752 Funciones principales: &#8211; Soporte para Tarjeta TF, Bluetooth, Puerto Tipo-C &#8211; Micr\u00f3fono incorporado &#8211; C\u00e1mara integrada &#8211; MirrorLink: Compatible con Android e iOS &#8211; Apple CarPlay y Android Auto inal\u00e1mbricos Audio: &#8211; Altavoz integrado con potencia de salida: 3W &#8211; Grabador de conducci\u00f3n incluido \u00a0Especificaciones t\u00e9cnicas: \u00a0 \u00a0 \u00a0 \u00a0 \u00a0 \u00a0&#8211;&#8230;<\/p>\n","protected":false},"featured_media":526,"comment_status":"open","ping_status":"closed","template":"","meta":{"_kad_post_transparent":"default","_kad_post_title":"","_kad_post_layout":"default","_kad_post_sidebar_id":"","_kad_post_content_style":"default","_kad_post_vertical_padding":"default","_kad_post_feature":"","_kad_post_feature_position":"","_kad_post_header":false,"_kad_post_footer":false,"_kad_post_classname":""},"product_brand":[],"product_cat":[17],"product_tag":[],"class_list":{"0":"post-525","1":"product","2":"type-product","3":"status-publish","4":"has-post-thumbnail","6":"product_cat-accesorios-para-moto","8":"first","9":"instock","10":"shipping-taxable","11":"purchasable","12":"product-type-simple","13":"entry","14":"content-bg","15":"loop-entry"},"_links":{"self":[{"href":"https:\/\/lacuinaproductosyservicios.com\/index.php\/wp-json\/wp\/v2\/product\/525","targetHints":{"allow":["GET"]}}],"collection":[{"href":"https:\/\/lacuinaproductosyservicios.com\/index.php\/wp-json\/wp\/v2\/product"}],"about":[{"href":"https:\/\/lacuinaproductosyservicios.com\/index.php\/wp-json\/wp\/v2\/types\/product"}],"replies":[{"embeddable":true,"href":"https:\/\/lacuinaproductosyservicios.com\/index.php\/wp-json\/wp\/v2\/comments?post=525"}],"wp:featuredmedia":[{"embeddable":true,"href":"https:\/\/lacuinaproductosyservicios.com\/index.php\/wp-json\/wp\/v2\/media\/526"}],"wp:attachment":[{"href":"https:\/\/lacuinaproductosyservicios.com\/index.php\/wp-json\/wp\/v2\/media?parent=525"}],"wp:term":[{"taxonomy":"product_brand","embeddable":true,"href":"https:\/\/lacuinaproductosyservicios.com\/index.php\/wp-json\/wp\/v2\/product_brand?post=525"},{"taxonomy":"product_cat","embeddable":true,"href":"https:\/\/lacuinaproductosyservicios.com\/index.php\/wp-json\/wp\/v2\/product_cat?post=525"},{"taxonomy":"product_tag","embeddable":true,"href":"https:\/\/lacuinaproductosyservicios.com\/index.php\/wp-json\/wp\/v2\/product_tag?post=525"}],"curies":[{"name":"wp","href":"https:\/\/api.w.org\/{rel}","templated":true}]}}