{"id":628,"date":"2025-12-29T16:30:41","date_gmt":"2025-12-29T16:30:41","guid":{"rendered":"https:\/\/lacuinaproductosyservicios.com\/?post_type=product&#038;p=628"},"modified":"2025-12-29T16:30:41","modified_gmt":"2025-12-29T16:30:41","slug":"microfono-profesional-sate-mk07","status":"publish","type":"product","link":"https:\/\/lacuinaproductosyservicios.com\/index.php\/producto\/microfono-profesional-sate-mk07\/","title":{"rendered":"MICROFONO PROFESIONAL SATE MK07"},"content":{"rendered":"<p>MICROFONO PROFESIONAL SATE MK07<\/p>\n<p>El micr\u00f3fono profesional Sate MK07 es la opci\u00f3n ideal para los\/as jugadores\/as y\/o creadores de contenidos, adecuado para realizar transmisiones en vivo o grabaciones para las plataformas como Youtube, Twitch, Tik Tok y otras m\u00e1s. Cuenta con un mini tr\u00edpode flexible que permite ajustar el \u00e1ngulo y la posici\u00f3n durante el uso.<br \/>\n<strong>Especificaciones:<\/strong><br \/>\n&#8211; Ruido de se\u00f1al: 76db<br \/>\n&#8211; Tipo de micr\u00f3fono: Condensador<br \/>\n&#8211; Respuesta de frecuencia: 30 Hz a 18 kHz<br \/>\n&#8211; Nivel de ruido equivalente: 18dba<br \/>\n&#8211; Material de micr\u00f3fono: todo metal<br \/>\n&#8211; Interfaz: 3.5 mm<\/p>\n","protected":false},"excerpt":{"rendered":"<p>MICROFONO PROFESIONAL SATE MK07 El micr\u00f3fono profesional Sate MK07 es la opci\u00f3n ideal para los\/as jugadores\/as y\/o creadores de contenidos, adecuado para realizar transmisiones en vivo o grabaciones para las plataformas como Youtube, Twitch, Tik Tok y otras m\u00e1s. Cuenta con un mini tr\u00edpode flexible que permite ajustar el \u00e1ngulo y la posici\u00f3n durante el&#8230;<\/p>\n","protected":false},"featured_media":629,"comment_status":"open","ping_status":"closed","template":"","meta":{"_kad_post_transparent":"default","_kad_post_title":"","_kad_post_layout":"default","_kad_post_sidebar_id":"","_kad_post_content_style":"default","_kad_post_vertical_padding":"default","_kad_post_feature":"","_kad_post_feature_position":"","_kad_post_header":false,"_kad_post_footer":false,"_kad_post_classname":""},"product_brand":[],"product_cat":[24],"product_tag":[],"class_list":{"0":"post-628","1":"product","2":"type-product","3":"status-publish","4":"has-post-thumbnail","6":"product_cat-gaming-y-streaming","8":"first","9":"instock","10":"shipping-taxable","11":"purchasable","12":"product-type-simple","13":"entry","14":"content-bg","15":"loop-entry"},"_links":{"self":[{"href":"https:\/\/lacuinaproductosyservicios.com\/index.php\/wp-json\/wp\/v2\/product\/628","targetHints":{"allow":["GET"]}}],"collection":[{"href":"https:\/\/lacuinaproductosyservicios.com\/index.php\/wp-json\/wp\/v2\/product"}],"about":[{"href":"https:\/\/lacuinaproductosyservicios.com\/index.php\/wp-json\/wp\/v2\/types\/product"}],"replies":[{"embeddable":true,"href":"https:\/\/lacuinaproductosyservicios.com\/index.php\/wp-json\/wp\/v2\/comments?post=628"}],"wp:featuredmedia":[{"embeddable":true,"href":"https:\/\/lacuinaproductosyservicios.com\/index.php\/wp-json\/wp\/v2\/media\/629"}],"wp:attachment":[{"href":"https:\/\/lacuinaproductosyservicios.com\/index.php\/wp-json\/wp\/v2\/media?parent=628"}],"wp:term":[{"taxonomy":"product_brand","embeddable":true,"href":"https:\/\/lacuinaproductosyservicios.com\/index.php\/wp-json\/wp\/v2\/product_brand?post=628"},{"taxonomy":"product_cat","embeddable":true,"href":"https:\/\/lacuinaproductosyservicios.com\/index.php\/wp-json\/wp\/v2\/product_cat?post=628"},{"taxonomy":"product_tag","embeddable":true,"href":"https:\/\/lacuinaproductosyservicios.com\/index.php\/wp-json\/wp\/v2\/product_tag?post=628"}],"curies":[{"name":"wp","href":"https:\/\/api.w.org\/{rel}","templated":true}]}}