{"id":653,"date":"2025-12-29T19:38:05","date_gmt":"2025-12-29T19:38:05","guid":{"rendered":"https:\/\/lacuinaproductosyservicios.com\/?post_type=product&#038;p=653"},"modified":"2026-01-07T01:50:04","modified_gmt":"2026-01-07T01:50:04","slug":"auricular-inalambrico-sate-ae-9077-y-ae-9079","status":"publish","type":"product","link":"https:\/\/lacuinaproductosyservicios.com\/index.php\/producto\/auricular-inalambrico-sate-ae-9077-y-ae-9079\/","title":{"rendered":"AURICULAR INALAMBRICO SATE AE-9077 y AE-9079"},"content":{"rendered":"<p><span class=\"matching-text-highlight\">AURICULAR<\/span> INALAMBRICO SATE<br \/>\nAE-9077 y AE-9079 EN COLOR VERDE Y\/O GRIS<\/p>\n<p>ESPECIFICACIONES DEL PRODUCTO:<\/p>\n<div>-Dise\u00f1o Moderno: Color Verde y Gris<\/div>\n<div>\n<div>-Bluetooth 5.3: Conexi\u00f3n r\u00e1pida y estable.<\/div>\n<div>-Alcance de 10 metros: Conexi\u00f3n inal\u00e1mbrica a larga distancia.<\/div>\n<div>-Frecuencia 2.4 GHz: Transmisi\u00f3n fluida.<\/div>\n<div>-Carga DC 5V: Compatible con cargadores USB.<\/div>\n<div>-Tiempo de Carga: 2 horas.<\/div>\n<div>-Altavoz de 40 mm: Sonido potente y claro.<\/div>\n<div>-Sensibilidad: 121 \u00b1 3 dB.<\/div>\n<div>-Impedancia: 32\u03a9 \u00b1 15%.<\/div>\n<div>-Rango de Frecuencia: 20 Hz &#8211; 20 kHz.<\/div>\n<div>-Luces RGB: Efectos de iluminaci\u00f3n multicolor para una experiencia visual \u00fanica<\/div>\n<\/div>\n<p>&nbsp;<\/p>\n","protected":false},"excerpt":{"rendered":"<p>AURICULAR INALAMBRICO SATE AE-9077 y AE-9079 EN COLOR VERDE Y\/O GRIS ESPECIFICACIONES DEL PRODUCTO: -Dise\u00f1o Moderno: Color Verde y Gris -Bluetooth 5.3: Conexi\u00f3n r\u00e1pida y estable. -Alcance de 10 metros: Conexi\u00f3n inal\u00e1mbrica a larga distancia. -Frecuencia 2.4 GHz: Transmisi\u00f3n fluida. -Carga DC 5V: Compatible con cargadores USB. -Tiempo de Carga: 2 horas. -Altavoz de 40&#8230;<\/p>\n","protected":false},"featured_media":654,"comment_status":"open","ping_status":"closed","template":"","meta":{"_kad_post_transparent":"default","_kad_post_title":"","_kad_post_layout":"default","_kad_post_sidebar_id":"","_kad_post_content_style":"default","_kad_post_vertical_padding":"default","_kad_post_feature":"","_kad_post_feature_position":"","_kad_post_header":false,"_kad_post_footer":false,"_kad_post_classname":""},"product_brand":[],"product_cat":[24],"product_tag":[],"class_list":{"0":"post-653","1":"product","2":"type-product","3":"status-publish","4":"has-post-thumbnail","6":"product_cat-gaming-y-streaming","8":"first","9":"instock","10":"shipping-taxable","11":"purchasable","12":"product-type-simple","13":"entry","14":"content-bg","15":"loop-entry"},"_links":{"self":[{"href":"https:\/\/lacuinaproductosyservicios.com\/index.php\/wp-json\/wp\/v2\/product\/653","targetHints":{"allow":["GET"]}}],"collection":[{"href":"https:\/\/lacuinaproductosyservicios.com\/index.php\/wp-json\/wp\/v2\/product"}],"about":[{"href":"https:\/\/lacuinaproductosyservicios.com\/index.php\/wp-json\/wp\/v2\/types\/product"}],"replies":[{"embeddable":true,"href":"https:\/\/lacuinaproductosyservicios.com\/index.php\/wp-json\/wp\/v2\/comments?post=653"}],"wp:featuredmedia":[{"embeddable":true,"href":"https:\/\/lacuinaproductosyservicios.com\/index.php\/wp-json\/wp\/v2\/media\/654"}],"wp:attachment":[{"href":"https:\/\/lacuinaproductosyservicios.com\/index.php\/wp-json\/wp\/v2\/media?parent=653"}],"wp:term":[{"taxonomy":"product_brand","embeddable":true,"href":"https:\/\/lacuinaproductosyservicios.com\/index.php\/wp-json\/wp\/v2\/product_brand?post=653"},{"taxonomy":"product_cat","embeddable":true,"href":"https:\/\/lacuinaproductosyservicios.com\/index.php\/wp-json\/wp\/v2\/product_cat?post=653"},{"taxonomy":"product_tag","embeddable":true,"href":"https:\/\/lacuinaproductosyservicios.com\/index.php\/wp-json\/wp\/v2\/product_tag?post=653"}],"curies":[{"name":"wp","href":"https:\/\/api.w.org\/{rel}","templated":true}]}}