{"id":659,"date":"2025-12-29T19:49:52","date_gmt":"2025-12-29T19:49:52","guid":{"rendered":"https:\/\/lacuinaproductosyservicios.com\/?post_type=product&#038;p=659"},"modified":"2025-12-29T19:49:52","modified_gmt":"2025-12-29T19:49:52","slug":"keyboard-gaming-sate-ak-837","status":"publish","type":"product","link":"https:\/\/lacuinaproductosyservicios.com\/index.php\/producto\/keyboard-gaming-sate-ak-837\/","title":{"rendered":"KEYBOARD GAMING SATE AK-837"},"content":{"rendered":"<p>KEYBOARD GAMING SATE AK-837<\/p>\n<p>CARACTER\u00cdSTICAS:- Retroiluminaci\u00f3n de fondo del teclado; &#8211; Conexi\u00f3n: USB; &#8211; Vida \u00fatil: 3 millones de pulsaciones; &#8211; Dimesiones: 452 x 182 x 37 mm; &#8211; Peso: 810 \u00b1 10g; &#8211; Compatibilidad de OS: Win98, Me, NT4.0, 2000, XP, Vista, Win7, Win8, Win10, Linux, MAC OS 10.4 El teclado Sate AK-837 est\u00e1 equipado con teclas suaves y c\u00f3modas, que garantizan respuestas r\u00e1pidas y precisas a todos los mandos, combinado con sistema de retroiluminaci\u00f3n que facilita el uso en ambientes poco iluminados. F\u00e1cil de instalar, basta con conectarlo a cualquier PC a trav\u00e9s de puerto USB, sin necesidad de instalar ning\u00fan software.<\/p>\n","protected":false},"excerpt":{"rendered":"<p>KEYBOARD GAMING SATE AK-837 CARACTER\u00cdSTICAS:- Retroiluminaci\u00f3n de fondo del teclado; &#8211; Conexi\u00f3n: USB; &#8211; Vida \u00fatil: 3 millones de pulsaciones; &#8211; Dimesiones: 452 x 182 x 37 mm; &#8211; Peso: 810 \u00b1 10g; &#8211; Compatibilidad de OS: Win98, Me, NT4.0, 2000, XP, Vista, Win7, Win8, Win10, Linux, MAC OS 10.4 El teclado Sate AK-837 est\u00e1&#8230;<\/p>\n","protected":false},"featured_media":664,"comment_status":"open","ping_status":"closed","template":"","meta":{"_kad_post_transparent":"default","_kad_post_title":"","_kad_post_layout":"default","_kad_post_sidebar_id":"","_kad_post_content_style":"default","_kad_post_vertical_padding":"default","_kad_post_feature":"","_kad_post_feature_position":"","_kad_post_header":false,"_kad_post_footer":false,"_kad_post_classname":""},"product_brand":[],"product_cat":[24],"product_tag":[],"class_list":{"0":"post-659","1":"product","2":"type-product","3":"status-publish","4":"has-post-thumbnail","6":"product_cat-gaming-y-streaming","8":"first","9":"instock","10":"shipping-taxable","11":"purchasable","12":"product-type-simple","13":"entry","14":"content-bg","15":"loop-entry"},"_links":{"self":[{"href":"https:\/\/lacuinaproductosyservicios.com\/index.php\/wp-json\/wp\/v2\/product\/659","targetHints":{"allow":["GET"]}}],"collection":[{"href":"https:\/\/lacuinaproductosyservicios.com\/index.php\/wp-json\/wp\/v2\/product"}],"about":[{"href":"https:\/\/lacuinaproductosyservicios.com\/index.php\/wp-json\/wp\/v2\/types\/product"}],"replies":[{"embeddable":true,"href":"https:\/\/lacuinaproductosyservicios.com\/index.php\/wp-json\/wp\/v2\/comments?post=659"}],"wp:featuredmedia":[{"embeddable":true,"href":"https:\/\/lacuinaproductosyservicios.com\/index.php\/wp-json\/wp\/v2\/media\/664"}],"wp:attachment":[{"href":"https:\/\/lacuinaproductosyservicios.com\/index.php\/wp-json\/wp\/v2\/media?parent=659"}],"wp:term":[{"taxonomy":"product_brand","embeddable":true,"href":"https:\/\/lacuinaproductosyservicios.com\/index.php\/wp-json\/wp\/v2\/product_brand?post=659"},{"taxonomy":"product_cat","embeddable":true,"href":"https:\/\/lacuinaproductosyservicios.com\/index.php\/wp-json\/wp\/v2\/product_cat?post=659"},{"taxonomy":"product_tag","embeddable":true,"href":"https:\/\/lacuinaproductosyservicios.com\/index.php\/wp-json\/wp\/v2\/product_tag?post=659"}],"curies":[{"name":"wp","href":"https:\/\/api.w.org\/{rel}","templated":true}]}}