{"id":745,"date":"2025-12-30T16:38:22","date_gmt":"2025-12-30T16:38:22","guid":{"rendered":"https:\/\/lacuinaproductosyservicios.com\/?post_type=product&#038;p=745"},"modified":"2025-12-30T16:38:22","modified_gmt":"2025-12-30T16:38:22","slug":"amazon-echo-pop-alexa-1ra-gen-2023","status":"publish","type":"product","link":"https:\/\/lacuinaproductosyservicios.com\/index.php\/producto\/amazon-echo-pop-alexa-1ra-gen-2023\/","title":{"rendered":"Amazon Echo Pop Alexa 1ra Gen 2023"},"content":{"rendered":"<p><span id=\"X10CQC2\">Selecciona el color que se adapte a tu estilo, encuentra un lugar donde ponerlo<\/span><br \/>\n(ocupa poco espacio) y reproduce esa canci\u00f3n que tanto te gusta<br \/>\nsolo usando tu voz.<\/p>\n<p>Pon ambiente en tu habitaci\u00f3n con el parlante de proyecci\u00f3n frontal del Echo Pop para un sonido definido. Solo p\u00eddele a Alexa que ponga tu contenido favorito de m\u00fasica, p\u00f3dcast, audiolibros, o bien que te ayude a relajarte con meditaci\u00f3n, sonidos para dormir, entre otras opciones.<\/p>\n<p>Prep\u00e1rate para empezar el d\u00eda con informaci\u00f3n del clima y actualizaciones de noticias, acu\u00e9rdate de todo con timers y recordatorios, mantente en contacto con llamadas a manos libres, sacia tu curiosidad con respuestas a tus preguntas y divi\u00e9rtete con chistes.<\/p>\n<p>Agrega control por voz a cualquier toma de corriente con un enchufe inteligente o<br \/>\nadministra dispositivos de Smart Home compatibles. Enciende una l\u00e1mpara de bola de<br \/>\ndisco para que empiece la fiesta, aten\u00faa las luces para la noche de pel\u00edculas o sube la<br \/>\ntemperatura del termostato al salir de casa.<\/p>\n","protected":false},"excerpt":{"rendered":"<ul>\n<li><strong>Dise\u00f1o:<\/strong>\u00a0Compacto y resistente<\/li>\n<li><strong>Control por voz:<\/strong>\u00a0Reproduce m\u00fasicas en l\u00ednea y controla tu hogar inteligente<\/li>\n<li><strong>Conectividad:<\/strong>\u00a0Wi-Fi y bluetooth<\/li>\n<li><strong>Compatible con:\u00a0<\/strong>Fire OS, Android y iOS<\/li>\n<\/ul>\n","protected":false},"featured_media":746,"comment_status":"open","ping_status":"closed","template":"","meta":{"_kad_post_transparent":"default","_kad_post_title":"","_kad_post_layout":"default","_kad_post_sidebar_id":"","_kad_post_content_style":"default","_kad_post_vertical_padding":"default","_kad_post_feature":"","_kad_post_feature_position":"","_kad_post_header":false,"_kad_post_footer":false,"_kad_post_classname":""},"product_brand":[],"product_cat":[21],"product_tag":[],"class_list":{"0":"post-745","1":"product","2":"type-product","3":"status-publish","4":"has-post-thumbnail","6":"product_cat-speakers","8":"first","9":"instock","10":"sale","11":"shipping-taxable","12":"purchasable","13":"product-type-simple","14":"entry","15":"content-bg","16":"loop-entry"},"_links":{"self":[{"href":"https:\/\/lacuinaproductosyservicios.com\/index.php\/wp-json\/wp\/v2\/product\/745","targetHints":{"allow":["GET"]}}],"collection":[{"href":"https:\/\/lacuinaproductosyservicios.com\/index.php\/wp-json\/wp\/v2\/product"}],"about":[{"href":"https:\/\/lacuinaproductosyservicios.com\/index.php\/wp-json\/wp\/v2\/types\/product"}],"replies":[{"embeddable":true,"href":"https:\/\/lacuinaproductosyservicios.com\/index.php\/wp-json\/wp\/v2\/comments?post=745"}],"wp:featuredmedia":[{"embeddable":true,"href":"https:\/\/lacuinaproductosyservicios.com\/index.php\/wp-json\/wp\/v2\/media\/746"}],"wp:attachment":[{"href":"https:\/\/lacuinaproductosyservicios.com\/index.php\/wp-json\/wp\/v2\/media?parent=745"}],"wp:term":[{"taxonomy":"product_brand","embeddable":true,"href":"https:\/\/lacuinaproductosyservicios.com\/index.php\/wp-json\/wp\/v2\/product_brand?post=745"},{"taxonomy":"product_cat","embeddable":true,"href":"https:\/\/lacuinaproductosyservicios.com\/index.php\/wp-json\/wp\/v2\/product_cat?post=745"},{"taxonomy":"product_tag","embeddable":true,"href":"https:\/\/lacuinaproductosyservicios.com\/index.php\/wp-json\/wp\/v2\/product_tag?post=745"}],"curies":[{"name":"wp","href":"https:\/\/api.w.org\/{rel}","templated":true}]}}