{"id":780,"date":"2026-01-06T12:58:19","date_gmt":"2026-01-06T12:58:19","guid":{"rendered":"https:\/\/lacuinaproductosyservicios.com\/?post_type=product&#038;p=780"},"modified":"2026-01-06T12:58:19","modified_gmt":"2026-01-06T12:58:19","slug":"control-inalambrico-dualshock-3-para-ps3","status":"publish","type":"product","link":"https:\/\/lacuinaproductosyservicios.com\/index.php\/producto\/control-inalambrico-dualshock-3-para-ps3\/","title":{"rendered":"Control Inal\u00e1mbrico Dualshock 3 Para Ps3"},"content":{"rendered":"<div class=\"container section-title-container\">\n<h4 class=\"section-title section-title-normal\"><span class=\"section-title-main\">Descripcion<\/span><\/h4>\n<\/div>\n<p>\u00a1Conoce el controlador Dualshock 3, tu compa\u00f1ero de juegos para PlayStation 3! Compatible con la plataforma que amas, este controlador ofrece una experiencia de juego inal\u00e1mbrica, permiti\u00e9ndote sumergirte en mundos virtuales con facilidad. Su conexi\u00f3n Bluetooth proporciona una conexi\u00f3n r\u00e1pida y confiable, mientras que la interfaz USB facilita la recarga.<\/p>\n<div class=\"container section-title-container\"><\/div>\n<table class=\"product-meta-table\">\n<thead>\n<tr>\n<th>Especificaci\u00f3n<\/th>\n<th>Detalles<\/th>\n<\/tr>\n<\/thead>\n<tbody>\n<tr>\n<td>Modelo<\/td>\n<td>Dualshock 3<\/td>\n<\/tr>\n<tr>\n<td>Tipo De Conexi\u00f3n<\/td>\n<td>Inal\u00e1mbrico<\/td>\n<\/tr>\n<tr>\n<td>Conectividad Inal\u00e1mbrica<\/td>\n<td>Bluetooth<\/td>\n<\/tr>\n<tr>\n<td>Interfaz<\/td>\n<td>USB<\/td>\n<\/tr>\n<tr>\n<td>Color<\/td>\n<td>Rojo<\/td>\n<\/tr>\n<tr>\n<td>Observaciones<\/td>\n<td>Con caja*<\/td>\n<\/tr>\n<tr>\n<td>Compatibilidad<\/td>\n<td>PlayStation 3<\/td>\n<\/tr>\n<\/tbody>\n<\/table>\n","protected":false},"excerpt":{"rendered":"<p>Descripcion \u00a1Conoce el controlador Dualshock 3, tu compa\u00f1ero de juegos para PlayStation 3! Compatible con la plataforma que amas, este controlador ofrece una experiencia de juego inal\u00e1mbrica, permiti\u00e9ndote sumergirte en mundos virtuales con facilidad. Su conexi\u00f3n Bluetooth proporciona una conexi\u00f3n r\u00e1pida y confiable, mientras que la interfaz USB facilita la recarga. Especificaci\u00f3n Detalles Modelo Dualshock&#8230;<\/p>\n","protected":false},"featured_media":781,"comment_status":"open","ping_status":"closed","template":"","meta":{"_kad_post_transparent":"default","_kad_post_title":"","_kad_post_layout":"default","_kad_post_sidebar_id":"","_kad_post_content_style":"default","_kad_post_vertical_padding":"default","_kad_post_feature":"","_kad_post_feature_position":"","_kad_post_header":false,"_kad_post_footer":false,"_kad_post_classname":""},"product_brand":[],"product_cat":[24],"product_tag":[],"class_list":{"0":"post-780","1":"product","2":"type-product","3":"status-publish","4":"has-post-thumbnail","6":"product_cat-gaming-y-streaming","8":"first","9":"instock","10":"shipping-taxable","11":"purchasable","12":"product-type-simple","13":"entry","14":"content-bg","15":"loop-entry"},"_links":{"self":[{"href":"https:\/\/lacuinaproductosyservicios.com\/index.php\/wp-json\/wp\/v2\/product\/780","targetHints":{"allow":["GET"]}}],"collection":[{"href":"https:\/\/lacuinaproductosyservicios.com\/index.php\/wp-json\/wp\/v2\/product"}],"about":[{"href":"https:\/\/lacuinaproductosyservicios.com\/index.php\/wp-json\/wp\/v2\/types\/product"}],"replies":[{"embeddable":true,"href":"https:\/\/lacuinaproductosyservicios.com\/index.php\/wp-json\/wp\/v2\/comments?post=780"}],"wp:featuredmedia":[{"embeddable":true,"href":"https:\/\/lacuinaproductosyservicios.com\/index.php\/wp-json\/wp\/v2\/media\/781"}],"wp:attachment":[{"href":"https:\/\/lacuinaproductosyservicios.com\/index.php\/wp-json\/wp\/v2\/media?parent=780"}],"wp:term":[{"taxonomy":"product_brand","embeddable":true,"href":"https:\/\/lacuinaproductosyservicios.com\/index.php\/wp-json\/wp\/v2\/product_brand?post=780"},{"taxonomy":"product_cat","embeddable":true,"href":"https:\/\/lacuinaproductosyservicios.com\/index.php\/wp-json\/wp\/v2\/product_cat?post=780"},{"taxonomy":"product_tag","embeddable":true,"href":"https:\/\/lacuinaproductosyservicios.com\/index.php\/wp-json\/wp\/v2\/product_tag?post=780"}],"curies":[{"name":"wp","href":"https:\/\/api.w.org\/{rel}","templated":true}]}}