{"id":791,"date":"2026-01-06T14:07:43","date_gmt":"2026-01-06T14:07:43","guid":{"rendered":"https:\/\/lacuinaproductosyservicios.com\/?post_type=product&#038;p=791"},"modified":"2026-01-06T14:07:43","modified_gmt":"2026-01-06T14:07:43","slug":"camara-para-ninos-childrens-digital-2-400mah-4-funciones-5v-1a","status":"publish","type":"product","link":"https:\/\/lacuinaproductosyservicios.com\/index.php\/producto\/camara-para-ninos-childrens-digital-2-400mah-4-funciones-5v-1a\/","title":{"rendered":"Camara Para Ni\u00f1os Children`s Digital \/ 2&#8243; \/ 400Mah \/ 4 Funciones \/ 5V \/ 1A"},"content":{"rendered":"<p>La C\u00e1mara Digital para Ni\u00f1os es un dispositivo divertido y educativo dise\u00f1ado especialmente para los peque\u00f1os exploradores. Con una pantalla de 2 pulgadas y una serie de funciones f\u00e1ciles de usar, esta c\u00e1mara permite que los ni\u00f1os capturen momentos especiales, exploren su creatividad y se diviertan mientras aprenden sobre tecnolog\u00eda. Adem\u00e1s, la c\u00e1mara funciona con una bater\u00eda de 400mAh, que puede ser f\u00e1cilmente recargada a trav\u00e9s de un cable de 5V\/1A, garantizando horas de diversi\u00f3n continua. Disponible en un alegre tono de verde claro, esta c\u00e1mara es el compa\u00f1ero perfecto para las aventuras de los ni\u00f1os, fomentando la creatividad y la exploraci\u00f3n del mundo que les rodea.<\/p>\n","protected":false},"excerpt":{"rendered":"<ul>\n<li>Fotograf\u00eda: Permite que los ni\u00f1os tomen fotos de sus aventuras, capturando momentos importantes y creando recuerdos duraderos.<\/li>\n<li>Configuraci\u00f3n: Cuenta con opciones simples de configuraci\u00f3n, para que los ni\u00f1os puedan personalizar su experiencia de uso seg\u00fan sus preferencias.<\/li>\n<li>Grabaci\u00f3n de Video: Permite que los ni\u00f1os graben videos cortos, registrando sus juegos y descubrimientos de manera din\u00e1mica.<\/li>\n<li>Reproducci\u00f3n: Permite que los ni\u00f1os vean las fotos y videos que han capturado, brind\u00e1ndoles la oportunidad de revivir y compartir sus experiencias.<\/li>\n<\/ul>\n","protected":false},"featured_media":792,"comment_status":"open","ping_status":"closed","template":"","meta":{"_kad_post_transparent":"default","_kad_post_title":"","_kad_post_layout":"default","_kad_post_sidebar_id":"","_kad_post_content_style":"default","_kad_post_vertical_padding":"default","_kad_post_feature":"","_kad_post_feature_position":"","_kad_post_header":false,"_kad_post_footer":false,"_kad_post_classname":""},"product_brand":[],"product_cat":[16],"product_tag":[],"class_list":{"0":"post-791","1":"product","2":"type-product","3":"status-publish","4":"has-post-thumbnail","6":"product_cat-accesorios","8":"first","9":"instock","10":"shipping-taxable","11":"purchasable","12":"product-type-simple","13":"entry","14":"content-bg","15":"loop-entry"},"_links":{"self":[{"href":"https:\/\/lacuinaproductosyservicios.com\/index.php\/wp-json\/wp\/v2\/product\/791","targetHints":{"allow":["GET"]}}],"collection":[{"href":"https:\/\/lacuinaproductosyservicios.com\/index.php\/wp-json\/wp\/v2\/product"}],"about":[{"href":"https:\/\/lacuinaproductosyservicios.com\/index.php\/wp-json\/wp\/v2\/types\/product"}],"replies":[{"embeddable":true,"href":"https:\/\/lacuinaproductosyservicios.com\/index.php\/wp-json\/wp\/v2\/comments?post=791"}],"wp:featuredmedia":[{"embeddable":true,"href":"https:\/\/lacuinaproductosyservicios.com\/index.php\/wp-json\/wp\/v2\/media\/792"}],"wp:attachment":[{"href":"https:\/\/lacuinaproductosyservicios.com\/index.php\/wp-json\/wp\/v2\/media?parent=791"}],"wp:term":[{"taxonomy":"product_brand","embeddable":true,"href":"https:\/\/lacuinaproductosyservicios.com\/index.php\/wp-json\/wp\/v2\/product_brand?post=791"},{"taxonomy":"product_cat","embeddable":true,"href":"https:\/\/lacuinaproductosyservicios.com\/index.php\/wp-json\/wp\/v2\/product_cat?post=791"},{"taxonomy":"product_tag","embeddable":true,"href":"https:\/\/lacuinaproductosyservicios.com\/index.php\/wp-json\/wp\/v2\/product_tag?post=791"}],"curies":[{"name":"wp","href":"https:\/\/api.w.org\/{rel}","templated":true}]}}