{"id":861,"date":"2026-01-14T14:34:53","date_gmt":"2026-01-14T14:34:53","guid":{"rendered":"https:\/\/lacuinaproductosyservicios.com\/?post_type=product&#038;p=861"},"modified":"2026-01-14T14:34:53","modified_gmt":"2026-01-14T14:34:53","slug":"sandwichera-220v-tx8828a","status":"publish","type":"product","link":"https:\/\/lacuinaproductosyservicios.com\/index.php\/producto\/sandwichera-220v-tx8828a\/","title":{"rendered":"Sandwichera 220v- TX8828A"},"content":{"rendered":"<p>Prepara deliciosos s\u00e1ndwiches con nuestra sandwichera. Dise\u00f1ada para 2 panes, cuenta con superficie antiadherente para facilitar la limpieza. Su tecnolog\u00eda cool touch garantiza seguridad durante el uso. Las luces LED indicadoras te permiten saber cu\u00e1ndo est\u00e1 lista para cocinar. Con soporte antideslizante, brinda estabilidad en la encimera. Funciona con voltaje de 220V~50\/60Hz y tiene una potencia de 800W. Disfruta de s\u00e1ndwiches sabrosos y r\u00e1pidos con nuestra sandwichera de calidad.<\/p>\n<p><strong>CARACTER\u00cdSTICAS<br \/>\n<\/strong>Para 2 panes<br \/>\nAntiadherente<br \/>\nCool touch<br \/>\nLuces LED indicadoras<br \/>\nSoporte antideslizante<br \/>\nVoltaje: 220V~50\/60Hz<br \/>\nPotencia: 800W<\/p>\n","protected":false},"excerpt":{"rendered":"<p>Prepara deliciosos s\u00e1ndwiches con nuestra sandwichera. Dise\u00f1ada para 2 panes, cuenta con superficie antiadherente para facilitar la limpieza. Su tecnolog\u00eda cool touch garantiza seguridad durante el uso. Las luces LED indicadoras te permiten saber cu\u00e1ndo est\u00e1 lista para cocinar. Con soporte antideslizante, brinda estabilidad en la encimera. Funciona con voltaje de 220V~50\/60Hz y tiene una&#8230;<\/p>\n","protected":false},"featured_media":862,"comment_status":"open","ping_status":"closed","template":"","meta":{"_kad_post_transparent":"default","_kad_post_title":"","_kad_post_layout":"default","_kad_post_sidebar_id":"","_kad_post_content_style":"default","_kad_post_vertical_padding":"default","_kad_post_feature":"","_kad_post_feature_position":"","_kad_post_header":false,"_kad_post_footer":false,"_kad_post_classname":""},"product_brand":[],"product_cat":[20],"product_tag":[],"class_list":{"0":"post-861","1":"product","2":"type-product","3":"status-publish","4":"has-post-thumbnail","6":"product_cat-hogar","8":"first","9":"instock","10":"shipping-taxable","11":"purchasable","12":"product-type-simple","13":"entry","14":"content-bg","15":"loop-entry"},"_links":{"self":[{"href":"https:\/\/lacuinaproductosyservicios.com\/index.php\/wp-json\/wp\/v2\/product\/861","targetHints":{"allow":["GET"]}}],"collection":[{"href":"https:\/\/lacuinaproductosyservicios.com\/index.php\/wp-json\/wp\/v2\/product"}],"about":[{"href":"https:\/\/lacuinaproductosyservicios.com\/index.php\/wp-json\/wp\/v2\/types\/product"}],"replies":[{"embeddable":true,"href":"https:\/\/lacuinaproductosyservicios.com\/index.php\/wp-json\/wp\/v2\/comments?post=861"}],"wp:featuredmedia":[{"embeddable":true,"href":"https:\/\/lacuinaproductosyservicios.com\/index.php\/wp-json\/wp\/v2\/media\/862"}],"wp:attachment":[{"href":"https:\/\/lacuinaproductosyservicios.com\/index.php\/wp-json\/wp\/v2\/media?parent=861"}],"wp:term":[{"taxonomy":"product_brand","embeddable":true,"href":"https:\/\/lacuinaproductosyservicios.com\/index.php\/wp-json\/wp\/v2\/product_brand?post=861"},{"taxonomy":"product_cat","embeddable":true,"href":"https:\/\/lacuinaproductosyservicios.com\/index.php\/wp-json\/wp\/v2\/product_cat?post=861"},{"taxonomy":"product_tag","embeddable":true,"href":"https:\/\/lacuinaproductosyservicios.com\/index.php\/wp-json\/wp\/v2\/product_tag?post=861"}],"curies":[{"name":"wp","href":"https:\/\/api.w.org\/{rel}","templated":true}]}}