{"id":900,"date":"2026-01-14T20:39:42","date_gmt":"2026-01-14T20:39:42","guid":{"rendered":"https:\/\/lacuinaproductosyservicios.com\/?post_type=product&#038;p=900"},"modified":"2026-01-14T20:39:42","modified_gmt":"2026-01-14T20:39:42","slug":"kinmris-x2-ultra-game-stick-4k-64g-30000-games-retro-console-uitra-game-stick-hd-video-game-console-double-wireless-2-4g-controller","status":"publish","type":"product","link":"https:\/\/lacuinaproductosyservicios.com\/index.php\/producto\/kinmris-x2-ultra-game-stick-4k-64g-30000-games-retro-console-uitra-game-stick-hd-video-game-console-double-wireless-2-4g-controller\/","title":{"rendered":"KINMRIS X2 Ultra Game Stick 4k 64G 30000 Games Retro Console UItra Game Stick HD Video Game Console Double Wireless 2.4G Controller"},"content":{"rendered":"<ul class=\"pl-3\">\n<li><span dir=\"auto\">Consola de videojuegos Retro Game Stick de 64 GB con 30 000 juegos cl\u00e1sicos integrados y 2 controladores inal\u00e1mbricos, salida HDMI 4K.<\/span><\/li>\n<li><span dir=\"auto\">Funci\u00f3n: Con funci\u00f3n de b\u00fasqueda, funci\u00f3n de recopilaci\u00f3n, funci\u00f3n de guardado del progreso del juego, sistema de lujo de c\u00f3digo abierto, compatible con bricolaje, compatible con m\u00e1s formatos de juego<\/span><\/li>\n<li><span dir=\"auto\">Con dos controladores de juegos inal\u00e1mbricos, admite salida de video de TV 4K Ultra HD \/ 1080P \/ 720P, el sistema es Emuelec 4.3<\/span><\/li>\n<li><span dir=\"auto\">Dise\u00f1o sencillo: l\u00edneas suaves, dise\u00f1o simple y generoso, listo para usar, con agarre inal\u00e1mbrico y alcance de hasta 8 metros. En comparaci\u00f3n con los mangos cortos con cable, los agarres inal\u00e1mbricos evitan acercarse al televisor y protegen la vista de forma m\u00e1s eficaz.<\/span><\/li>\n<li><span dir=\"auto\">F\u00e1cil de usar: simplemente conecta la consola de juegos a la interfaz del televisor y el cable de datos USB a la consola. La fuente de TV se ajustar\u00e1 al canal de alta definici\u00f3n correspondiente para mostrar la lista de reproducci\u00f3n. Coloca la bater\u00eda en el mango para controlarlo. Plug and play, simple y pr\u00e1ctico. F\u00e1cil de usar.<\/span><\/li>\n<\/ul>\n","protected":false},"excerpt":{"rendered":"<p>Consola de videojuegos Retro Game Stick de 64 GB con 30 000 juegos cl\u00e1sicos integrados y 2 controladores inal\u00e1mbricos, salida HDMI 4K. Funci\u00f3n: Con funci\u00f3n de b\u00fasqueda, funci\u00f3n de recopilaci\u00f3n, funci\u00f3n de guardado del progreso del juego, sistema de lujo de c\u00f3digo abierto, compatible con bricolaje, compatible con m\u00e1s formatos de juego Con dos controladores&#8230;<\/p>\n","protected":false},"featured_media":901,"comment_status":"open","ping_status":"closed","template":"","meta":{"_kad_post_transparent":"default","_kad_post_title":"","_kad_post_layout":"default","_kad_post_sidebar_id":"","_kad_post_content_style":"default","_kad_post_vertical_padding":"default","_kad_post_feature":"","_kad_post_feature_position":"","_kad_post_header":false,"_kad_post_footer":false,"_kad_post_classname":""},"product_brand":[],"product_cat":[24],"product_tag":[],"class_list":{"0":"post-900","1":"product","2":"type-product","3":"status-publish","4":"has-post-thumbnail","6":"product_cat-gaming-y-streaming","8":"first","9":"instock","10":"shipping-taxable","11":"purchasable","12":"product-type-simple","13":"entry","14":"content-bg","15":"loop-entry"},"_links":{"self":[{"href":"https:\/\/lacuinaproductosyservicios.com\/index.php\/wp-json\/wp\/v2\/product\/900","targetHints":{"allow":["GET"]}}],"collection":[{"href":"https:\/\/lacuinaproductosyservicios.com\/index.php\/wp-json\/wp\/v2\/product"}],"about":[{"href":"https:\/\/lacuinaproductosyservicios.com\/index.php\/wp-json\/wp\/v2\/types\/product"}],"replies":[{"embeddable":true,"href":"https:\/\/lacuinaproductosyservicios.com\/index.php\/wp-json\/wp\/v2\/comments?post=900"}],"wp:featuredmedia":[{"embeddable":true,"href":"https:\/\/lacuinaproductosyservicios.com\/index.php\/wp-json\/wp\/v2\/media\/901"}],"wp:attachment":[{"href":"https:\/\/lacuinaproductosyservicios.com\/index.php\/wp-json\/wp\/v2\/media?parent=900"}],"wp:term":[{"taxonomy":"product_brand","embeddable":true,"href":"https:\/\/lacuinaproductosyservicios.com\/index.php\/wp-json\/wp\/v2\/product_brand?post=900"},{"taxonomy":"product_cat","embeddable":true,"href":"https:\/\/lacuinaproductosyservicios.com\/index.php\/wp-json\/wp\/v2\/product_cat?post=900"},{"taxonomy":"product_tag","embeddable":true,"href":"https:\/\/lacuinaproductosyservicios.com\/index.php\/wp-json\/wp\/v2\/product_tag?post=900"}],"curies":[{"name":"wp","href":"https:\/\/api.w.org\/{rel}","templated":true}]}}